ctor of 38617?
False
Is 44 a factor of 23351?
False
Does 48 divide 43121?
False
Does 133 divide 11172?
True
Does 13 divide 3353?
False
Is 37 a factor of 7326?
True
Does 44 divide 3697?
False
Is 6 even?
True
Does 277 divide 52353?
True
Is 224 a multiple of 16?
True
Is 11520 a multiple of 192?
True
Is 1830 a multiple of 49?
False
Is 12428 a multiple of 6?
False
Does 65 divide 7639?
False
Is 12830 a multiple of 4?
False
Is 112 a factor of 2048?
False
Is 29 a factor of 271?
False
Is 3 a factor of 615?
True
Is 4 a factor of 4600?
True
Does 57 divide 1805?
False
Is 10714 a multiple of 11?
True
Does 50 divide 24110?
False
Is 85 a factor of 34170?
True
Is 12690 a multiple of 45?
True
Is 32 a factor of 1664?
True
Is 4858 a multiple of 7?
True
Is 515 a multiple of 5?
True
Is 20 a factor of 14500?
True
Is 1860 a multiple of 5?
True
Is 43594 a multiple of 12?
False
Is 737 a multiple of 49?
False
Is 70 a factor of 31850?
True
Is 15 a factor of 19742?
False
Does 17 divide 4341?
False
Is 65 a factor of 3055?
True
Does 19 divide 13319?
True
Is 968 a multiple of 9?
False
Is 114 a multiple of 19?
True
Does 56 divide 8120?
True
Does 24 divide 648?
True
Is 93 a multiple of 6?
False
Is 3600 a multiple of 20?
True
Is 171 a multiple of 48?
False
Is 47 a factor of 25134?
False
Is 20532 a multiple of 114?
False
Does 29 divide 2234?
False
Is 8172 a multiple of 12?
True
Is 4 a factor of 1766?
False
Is 20 a factor of 1820?
True
Is 8 a factor of 10552?
True
Is 58 a factor of 814?
False
Does 24 divide 96?
True
Does 28 divide 112?
True
Is 11445 a multiple of 35?
True
Does 162 divide 170?
False
Is 120 a multiple of 6?
True
Is 14 a factor of 35409?
False
Does 15 divide 1638?
False
Is 9 a factor of 1735?
False
Is 4910 a multiple of 48?
False
Is 9 a factor of 4572?
True
Is 2142 a multiple of 7?
True
Does 140 divide 11340?
True
Is 38 a factor of 2816?
False
Is 69 a factor of 2033?
False
Is 73 a factor of 32055?
False
Is 1259 a multiple of 74?
False
Is 57 a factor of 3192?
True
Is 96210 a multiple of 118?
False
Is 493 a multiple of 20?
False
Is 42 a factor of 17431?
False
Is 364 a multiple of 13?
True
Is 113 a multiple of 25?
False
Is 13 a factor of 31590?
True
Does 28 divide 6422?
False
Is 54 a factor of 702?
True
Is 5 a factor of 2151?
False
Is 14413 a multiple of 29?
True
Does 23 divide 2185?
True
Does 14 divide 1714?
False
Is 17 a factor of 1003?
True
Is 1924 a multiple of 12?
False
Is 30 a factor of 9062?
False
Is 29 a factor of 2088?
True
Does 99 divide 1980?
True
Is 76 a factor of 1748?
True
Is 60 a factor of 11917?
False
Does 17 divide 660?
False
Is 2807 a multiple of 43?
False
Is 14 a factor of 1124?
False
Is 85 even?
False
Is 14 a factor of 42994?
True
Does 125 divide 4750?
True
Is 31948 a multiple of 16?
False
Does 84 divide 19656?
True
Is 40236 a multiple of 128?
False
Is 1690 a multiple of 11?
False
Is 25 a factor of 17900?
True
Is 8580 a multiple of 20?
True
Is 61 a factor of 12078?
True
Does 6 divide 16680?
True
Is 87 a factor of 48508?
False
Does 7 divide 2362?
False
Is 6682 a multiple of 110?
False
Is 4420 a multiple of 26?
True
Does 34 divide 23629?
False
Is 106 a factor of 3392?
True
Is 6136 a multiple of 118?
True
Is 4 a factor of 148?
True
Does 24 divide 403?
False
Does 96 divide 12607?
False
Is 2465 a multiple of 29?
True
Is 8 a factor of 1217?
False
Does 10 divide 450?
True
Does 8 divide 2824?
True
Is 982 a multiple of 46?
False
Is 5 a factor of 65?
True
Does 109 divide 17222?
True
Does 19 divide 1824?
True
Is 32369 a multiple of 10?
False
Is 8078 a multiple of 14?
True
Is 89 a factor of 1246?
True
Is 14812 a multiple of 14?
True
Is 620 a multiple of 10?
True
Is 2 a factor of 199?
False
Is 16 a multiple of 2?
True
Is 10 a factor of 13563?
False
Is 416 a multiple of 3?
False
Is 36 a factor of 44398?
False
Does 22 divide 4048?
True
Does 31 divide 3198?
False
Is 137 a factor of 15070?
True
Does 418 divide 112442?
True
Is 518 a multiple of 14?
True
Is 13976 a multiple of 38?
False
Is 28 a factor of 336?
True
Does 218 divide 14842?
False
Is 41 a factor of 300?
False
Is 288 a multiple of 36?
True
Is 63 a factor of 419?
False
Is 11 a factor of 84833?
False
Is 66 a factor of 3846?
False
Is 198 a factor of 11417?
False
Is 1265 a multiple of 23?
True
Does 3 divide 1196?
False
Is 55896 a multiple of 123?
False
Does 18 divide 1771?
False
Is 7348 a multiple of 85?
False
Is 7860 a multiple of 5?
True
Is 235 a factor of 705?
True
Is 8 a factor of 1441?
False
Is 6 a factor of 1048?
False
Is 82 a factor of 984?
True
Does 104 divide 923?
False
Is 28 a factor of 31470?
False
Is 4761 a multiple of 9?
True
Is 58572 a multiple of 69?
False
Does 3 divide 105?
True
Does 32 divide 35344?
False
Is 4 a factor of 2876?
True
Does 146 divide 2400?
False
Is 18 a factor of 20628?
True
Does 162 divide 17820?
True
Is 50 a factor of 22950?
True
Is 13 a factor of 3068?
True
Does 11 divide 22?
True
Is 17265 a multiple of 74?
False
Is 22 a factor of 55268?
False
Is 23792 a multiple of 6?
False
Is 5 a factor of 4397?
False
Is 7 a factor of 531?
False
Does 2 divide 2377?
False
Is 8673 a multiple of 59?
True
Is 100812 a multiple of 124?
True
Is 2309 even?
False
Is 29 a factor of 5887?
True
Is 68 a factor of 952?
True
Is 3353 a multiple of 22?
False
Is 31343 a multiple of 13?
True
Is 6 a factor of 69283?
False
Is 17 a factor of 4535?
False
Is 79 a factor of 14245?
False
Is 8 a factor of 664?
True
Is 17664 a multiple of 19?
False
Is 11895 a multiple of 5?
True
Does 4 divide 289?
False
Is 79 a factor of 2449?
True
Is 589 a multiple of 82?
False
Is 54 a factor of 2962?
False
Is 29 a factor of 899?
True
Is 13926 a multiple of 115?
False
Is 2688 a multiple of 29?
False
Is 27 a factor of 378?
True
Is 107 a multiple of 107?
True
Is 756 a multiple of 108?
True
Is 4050 a multiple of 75?
True
Is 2047 a multiple of 21?
False
Is 45152 a multiple of 17?
True
Is 66 a factor of 45250?
False
Is 21 a factor of 128?
False
Does 32 divide 371?
False
Is 31 a factor of 11307?
False
Does 27 divide 21115?
False
Does 98 divide 2506?
False
Is 16 a factor of 1184?
True
Is 27 a factor of 567?
True
Does 18 divide 1026?
True
Is 7240 even?
True
Is 2944 a multiple of 92?
True
Is 1503 a multiple of 181?
False
Does 7 divide 13355?
False
Does 15 divide 255?
True
Is 46494 a multiple of 10?
False
Is 139 a multiple of 3?
False
Does 22 divide 44621?
False
Does 22 divide 120?
False
Is 70 a factor of 7698?
False
Does 34 divide 7965?
False
Is 10767 a multiple of 8?
False
Does 18 divide 3934?
False
Is 5259 a multiple of 17?
False
Is 20 a factor of 3500?
True
Is 98 a factor of 1491?
False
Is 108 a factor of 3888?
True
Is 20418 a multiple of 83?
True
Does 182 divide 59949?
False
Is 21 a multiple of 3?
True
Does 3 divide 1983?
True
Is 10 a factor of 280?
True
Is 4 a factor of 125?
False
Is 35 a factor of 11669?
False
Does 2 divide 203?
False
Is 928 a multiple of 2?
True
Is 8064 a multiple of 63?
True
Does 6 divide 354?
True
Is 626 a multiple of 76?
False
Is 9 a factor of 14301?
True
Is 19 a multiple of 9?
False
Is 187 a factor of 120938?
False
Is 40164 a multiple of 6?
True
Does 41 divide 18737?
True
Is 15 a factor of 2385?
True
Does 240 divide 71299?
False
Does 11 divide 2002?
True
Is 3 a factor of 4134?
True
Is 121 a multiple of 2?
False
Is 293 a multiple of 16?
False
Is 43 a factor of 6452?
False
Is 42744 a multiple of 104?
True
Is 97373 a multiple of 16?
False
Does 214 divide 126160?
False
Is 15 a factor of 12235?
False
Does 13 divide 2860?
True
Is 24 a factor of 47478?
False
Is 12 a factor of 5280?
True
Is 13028 a multiple of 22?
False
Is 43 a factor of 1106?
False
Is 24639 a multiple of 24?
False
Is 180 a multiple of 45?
True
Is 3 a factor of 766?
False
Is 47 a factor of 2068?
True
Is 19 a factor of 1558?
True
Does 169 divide 4394?
True
Is 32000 a multiple of 140?
False
Does 8 divide 8744?
True
Is 66 a factor of 29964?
True
Does 48 divide 3333?
False
Does 26 divide 72696?
True
Does 7 divide 2628?
False
Is 25 a factor of 4250?
True
Is 7 a factor of 8718?
False
Does 9 divide 2293?
False
Is 9443 a multiple of 71?
True
Is 960 a multiple of 12?
True
Does 7 divide 389?
False
Does 39 divide 19589?
False
Is 12935 a multiple of 65?
True
Is 5415 a multiple of 15?
True
Does 112 divide 39947?
False
Does 101 divide 9191?
True
Is 2 a factor of 11